= 9*g + 64. Suppose -2051*c = -2053*c + 4*b, b + 6 = 0. Give u(c).
-44
Suppose 0 = -0*t + 4*t - 12. Let x(d) = 2*d + 2*d + t + d. Let k = 69 + -71. Give x(k).
-7
Let q(n) = -n**2 + n - 1. Let o(c) = -7*c**2 + 12*c - 1. Let d(x) = o(x) - 4*q(x). Let u be d(3). Let f(b) = -b**3 + b**2 - b - 19. Give f(u).
-19
Let n(c) = -232742 - 3*c + 232749 + 4*c**2 - c**2 - 2*c**2. Calculate n(-4).
35
Let r(t) = 25*t**2 + 9*t - 96. Let j(d) = 21*d**2 + 9*d - 95. Let k(l) = 6*j(l) - 5*r(l). Give k(6).
0
Let s(j) = -2*j**2 - 6. Let n(z) = -z**2 + 30*z - 216. Let b be n(18). Calculate s(b).
-6
Let p(y) be the first derivative of 6*y + 12 + 1/2*y**2. Calculate p(-8).
-2
Let x be -2 - (4 - 4) - (7 - 8). Let u(h) = -5*h**2 - 6 - 11 + 16. What is u(x)?
-6
Let c be 986/(-4437) - (-29)/9. Let t(m) = 0*m**2 + 5*m**2 + 4 - 2*m**3 - 2*m - 2*m. Give t(c).
-17
Suppose -2 - 10 = 4*c. Let y(l) be the first derivative of l**2/2 - 4*l - 1157. Determine y(c).
-7
Suppose -5*z = 4*n - 49, z = 6*z - 25. Let j(w) = -45*w + 1. Let c(y) = -52*y + 1. Let i(s) = 6*c(s) - 7*j(s). Determine i(n).
17
Let q be 6*(1 + 3/(-4))*534. Let m = q + -806. Let j(a) = a**3 - a**2. Let n(l) = 5*l**3 + l**2 - l - 6. Let i(f) = 4*j(f) - n(f). What is i(m)?
1
Let x(l) = -l**3 - 4*l**2 + 4*l - 2. Let z be x(-5). Let w be 1*z*(-14)/(-6). Let i(q) = 0*q + w*q + 0*q + 4*q. Give i(1).
11
Suppose -2*r = 14, 65*r - 23 = 2*p + 68*r. Let o(k) = 27*k - 10. Give o(p).
-37
Let q(o) = 15*o**3 - 2*o**2 + 1. Let l be q(1). Let z(m) = -18*m - 23. Let p be z(-2). Let x = l - p. Let v(t) = 3*t**3 + 1. What is v(x)?
4
Let f(b) = 0*b - 2*b + 66 - 141 + b**2 + 69 - b. Let w(y) = 25*y + 181. Let o be w(-7). Determine f(o).
12
Let w(o) = o**2 + 2*o - 4. Let g(d) = d**2 - 12*d + 18. Suppose -17*u = -4*b - 12*u + 24, -5*b + 51 = -u. Let i be g(b). Calculate w(i).
59
Let p(d) = -5*d**2 + 9*d + 63. Let c be 1 + 3 - 2 - (3 + 3). Let w(o) = 3*o**2 - 5*o - 31. Let y(b) = c*p(b) - 7*w(b). What is y(0)?
-35
Let a(y) be the third derivative of 2*y**5/15 - y**4/12 - 5*y**3/6 - 2314*y**2. Give a(-2).
31
Let g(u) = -5*u - 2. Suppose -f - 4*a - 5 = -27, -5*f - a = -15. Determine g(f).
-12
Suppose 0 = 2*l + 552 - 556. Let i(g) = -63547*g + 63547*g + 1 - 11*g**3 - 2*g**l. Give i(1).
-12
Let f(p) = -3*p**3 - 5*p**2 - 2*p - 5. Let z(a) = a**3 + a**2 + 3*a + 3. Let d(g) = -f(g) - 2*z(g). Suppose -7*v = -17 + 45. Give d(v).
-1
Suppose m + 2 - 1 = 0, 3*z - 2*m = 68. Suppose -a + 28 = z. Suppose -a = -u + 1. Let w(v) = -v**2 + 7*v + 1. Calculate w(u).
1
Let a = 0 - -211. Let v = 213 - a. Let j(r) = -2*r + 2*r - 3*r**2. Calculate j(v).
-12
Let o(x) = 7 - 6*x + 2*x**2 + 7*x**2 - 3*x**2 + 2979*x**3 - 2981*x**3. Let d be o(2). Let r(j) = j**2 - 3*j + 3. Give r(d).
3
Let d(g) be the third derivative of 13/6*g**3 + 1/24*g**4 - 6*g - 8*g**2 + 0. Determine d(-8).
5
Let s(l) be the second derivative of -2 + 1/3*l**3 + 1/2*l**2 - 2*l - 31/20*l**5 + 1/6*l**4. Calculate s(-1).
32
Let l be 6 + 2/(-4) + (-11)/22. Let k be (-3 - 0) + l - -6. Let d(j) = j**3 - 7*j**2 - 10*j + 4. Determine d(k).
-12
Suppose -3*g + 5*a = 11 - 2, 0 = 2*g - 3*a + 5. Let d(h) = -231*h**3 + 4*h**g + 115*h**3 + 117*h**3 + 2*h. Give d(-2).
4
Let t(q) = -6*q - 5. Let o(r) = 534*r - 2669. Let b be o(5). Determine t(b).
-11
Suppose 2*i - 1253 = -3*u - 1261, 0 = -4*i - 28. Let t(a) = 2*a**3 + a**2 - 4*a + 7. Give t(u).
19
Suppose -3*l - 6 = k - 18, 3*k = -4*l + 16. Let h(m) be the first derivative of -4*m - 1/4*m**l - 4/3*m**3 - 24 + 3*m**2. Give h(-5).
-9
Let q(b) = b**3 + 3*b**2 - 3*b + 1. Let u(f) be the third derivative of -1/2*f**3 + 0 - 1/60*f**5 + 6*f**2 + 0*f - 17/24*f**4. Let p be u(-17). Give q(p).
10
Let r(g) = 97*g + 586. Let a = -14803 + 14797. What is r(a)?
4
Let h(o) = -o**3 - 7*o**2 - 10*o + 8. Let a = 6 - 19. Let t(j) = 2*j**3 + 14*j**2 + 21*j - 16. Let y(d) = a*h(d) - 6*t(d). Give y(-6).
4
Let o be (-168)/(-48)*(50/35)/1. Let c(n) be the first derivative of 1/4*n**4 + 3/2*n**2 + 34 + o*n - 4/3*n**3. Calculate c(4).
17
Let v(r) = -18*r - 50. Let o = 3738 + -3741. What is v(o)?
4
Suppose 74*o + 801 = 310*o + 93. Let v(m) = -m**3 + 8*m**2 - 5*m + 2. What is v(o)?
32
Let r(z) = -20*z + 1. Let d be (-133)/1323*9 - 2/21. Determine r(d).
21
Let z(q) = -q**3 - 18*q**2 + 16*q - 38. Let f = -2767 + 2748. Determine z(f).
19
Let v(p) be the third derivative of 11*p**6/120 + p**5/30 - p**3/6 - 332*p**2 - p. Suppose 19 = 26*h - 7*h. What is v(h)?
12
Let c be (-2*2)/(0 - -4). Let a(l) = 8*l - 2. What is a(c)?
-10
Let b(s) = -2*s**3 - 25*s**2 - 8*s + 10. Let w = 12281 - 12293. Calculate b(w).
-38
Let c(a) = -143*a - 1. Let x(w) = -707*w - 27. Let r(q) = 5*c(q) - x(q). What is r(9)?
-50
Let v(s) = -23046*s**2 + 23125*s**2 + 6*s - 12 + 13 - 2*s. What is v(-1)?
76
Suppose 2*o + 13 = -3*v, v + 0 + 1 = 0. Let m(h) = 16*h + 7 + 19*h - 3 + 22*h - 76*h + 20*h. Calculate m(o).
-1
Let k(c) = -2*c**2 - c - 28. Let h(x) = -3*x**2 - 2*x - 45. Let l(w) = 5*h(w) - 8*k(w). Suppose 4*s = 5*s + 1. What is l(s)?
2
Let h(d) = -d**3 + 5*d**2 - 11*d - 3. Let r = -13258 - -13264. Determine h(r).
-105
Let t(o) = 9*o - 2. Let m(v) = v**2 + 24*v - 73. Let w be m(-30). Let y = w + -109. Calculate t(y).
-20
Let j be (5/(20/16))/(((-18)/(-4))/9). Let a(k) = -k**2 + 5*k + 25. Calculate a(j).
1
Let f(g) be the first derivative of -1/2*g**2 - 3*g - 4 + 1/3*g**3. Let h be (-26)/(-91) - (-57)/21. What is f(h)?
3
Let m(z) = z**3 + 7*z**2 - 6*z + 14. Suppose -35*y - y - 440 = 19*y. What is m(y)?
-2
Let t(q) = 450*q + q**2 - 1345*q + 0*q**2 - 30 + 454*q + 447*q. Determine t(-11).
25
Suppose 0 = -7*p + 139 - 125. Let i(h) = -967*h**3 + 11*h + 7*h**p - 19*h**2 + 968*h**3. Give i(11).
0
Let b(g) = 11*g**2 - 5*g + 34. Let s(p) = -13*p**2 + 4*p - 35. Let r(a) = 7*b(a) + 6*s(a). Calculate r(-13).
2
Let f = 314 - 318. Let o(c) = -9 - 1 + 7*c - 16*c**2 - c**3 + 13*c**2 + 9 + 7. Give o(f).
-6
Let r(u) be the first derivative of 107 - 4*u + 3/2*u**2. Calculate r(2).
2
Let d(r) = 5*r + 80. Let a be d(-16). Suppose a = -37*x + 34*x + 3. Let t(o) = 4*o**2 - 2*o + 1. Determine t(x).
3
Let x be (-10)/(-18) - 130/234. Let a(r) be the second derivative of x + 1/20*r**5 - r**3 + 5*r**2 + 7/12*r**4 - 7*r. What is a(-8)?
-6
Let t(r) = -r**3 - 9*r**2 - 7*r + 16. Suppose 0 = 4*g - 10*l + 7*l + 29, 5*g - 2*l = -38. Calculate t(g).
8
Let x(u) = 2*u**3 - 25*u**2 + 12*u - 8. Let z be (72/(4 - 8))/((-69)/6 - -10). Calculate x(z).
-8
Let f be ((-5)/4)/(4 + 170/(-40)). Suppose f*b - u + 2*u + 27 = 0, -2*b - u - 9 = 0. Let q(z) = -z**2 - 5*z + 8. Determine q(b).
2
Let s(g) = -35*g + 60*g + 65 - 67 - 30*g. Let t = 3 - 8. Give s(t).
23
Let x(g) be the third derivative of 0 + 0*g**3 - 1/120*g**6 - 27*g**2 + 1/12*g**4 + 1/30*g**5 + g. Calculate x(3).
-3
Let x(u) = -1809*u - 12656. Let r be x(-7). Let q(h) = 13*h**2 - 91*h - 6. Calculate q(r).
-6
Let a be 7*4/((-28)/3)*-4. Let i = -20 + a. Let y(d) = 17*d - 14*d - 11 + d**2 - 11*d - 2*d**2. What is y(i)?
-11
Let x(q) be the second derivative of q**3 - 4*q**2 - 10*q. Let h(b) = -5*b + 7. Let j(v) = 5*h(v) + 4*x(v). Let f = 22 + -17. Determine j(f).
-2
Let m(c) = c**3 + 9*c**2 - 11*c - 7. Let a be 10*((-15)/(-5) - 4). Let z be m(a). Let l(j) = j - 5*j + 3 + j**3 - 1 + z*j**2. What is l(-4)?
2
Let t(i) = i + 42*i**3 - 11*i**3 - 3*i**2 + 1 + 2*i**2 - 50*i**3. Calculate t(-1).
18
Suppose -1 = 4*i + 7. Suppose 3*b + u - 107 = 0, -5*u = -6*u - 1. Let t(o) = -3*o**2 + 75*o + 1 - 38*o - b*o. Calculate t(i).
-13
Let o(u) = 2*u**3 - 8*u**2 + 13. Let j(q) = 2*q**3 - 9*q**2 - 3*q + 12. Let a(h) = -3*j(h) + 2*o(h). What is a(6)?
8
Let u(t) = t**3 - 26*t**2 - 58*t. Let w(s) = 4*s**3 - 76*s**2 - 175*s + 14. Let q(m) = 7*u(m) - 2*w(m). Determine q(-28).
-28
Let j be (-3 + 0 + 0)*1. Let f(l) = -2*l**2 - 13*l**2 + l - 3 + 11*l**2 + 3*l**2. Determine f(j).
-15
Let x(l) = -4*l**2 + 13*l + 8. Let b(t) = 3*t**2 - 10*t - 7. Let o(v) = v**3 - 6*v**2 - 10*v + 25. Let s be o(7). Let d(y) = s*x(y) + 5*b(y). What is d(2)?
-3
Let l(n) = 652280 - 326145 + 4*n - 326136. Let p(c) = 3*c**2 + 4*c + 1. Let o be p(-4). Suppose -o + 8 = -5*m. Determine l(m).
19
Suppose 15 - 22 = -z + 4*n, n - 3 = 5*z. Let t(h) = -41*h**2 - 11*h - 9. Let c(o) = -21*o**2 - 6*o - 5. Let w(p) = -11*c(p) + 6*t(p). Determine w(z).
-14
Suppose -169 = -46*r + 107. Le